*f = -4*d + 109. Calculate the highest common factor of v and d.
14
Let m be 4 - (1 + (-112)/2). Let i = m - 15. Calculate the highest common divisor of i and 4.
4
Let n(d) = 3*d**2 + 2*d + 3. Let c be n(3). Suppose 70 = 5*q + 5*o, -57*q + 5*o = -59*q + 34. What is the highest common divisor of c and q?
12
Let k(g) = 43*g - 428. Let v be k(11). Calculate the highest common divisor of v and 2.
1
Suppose 0 = 5*a - u - 270, -5*a + 4*a + 35 = -4*u. Suppose -4*n + 4*x + 52 = 0, 0 = 9*n - 5*n + 5*x - 34. What is the greatest common divisor of n and a?
11
Let m = -269 - -288. What is the greatest common divisor of 152 and m?
19
Suppose 3*w + 9*w - 144 = 0. Let l = 3 - 0. Suppose 5*h - 3 = -28, -3*h + 129 = l*o. Calculate the highest common divisor of w and o.
12
Suppose -43*p + 31121 + 18200 = 0. Calculate the highest common factor of p and 74.
37
Let f = 33 - 36. Let q be ((-1)/f)/(4/60). Calculate the greatest common divisor of q and 5.
5
Let y be ((-3)/(-21))/(9/2961). What is the greatest common divisor of y and 517?
47
Let o(z) = 4*z**2 + z + 10. Let c be o(6). What is the greatest common factor of 32 and c?
32
Let h = 515 - 504. Calculate the greatest common divisor of 11 and h.
11
Let c(g) = -4*g + 11*g**2 - 6*g**2 - 3*g**2. Let j be c(-8). Suppose -5*b = 35 - j. Calculate the highest common divisor of 125 and b.
25
Let v be 6/((15/940)/((-60)/(-32))). Calculate the highest common divisor of v and 15.
15
Suppose 0 = 5*w + 24 + 6. Let x be w/(-21) - 912/(-42). Let g(r) = 54*r**2 + 2*r - 1. Let f be g(1). What is the highest common divisor of f and x?
11
Suppose v - 8 = l - 203, -4*l - 3*v = -745. Calculate the greatest common divisor of l and 10.
10
Let w = -13 + 15. Let q be 879 - ((w - 5) + 0). Let r be (-28)/70 - q/(-5). Calculate the highest common factor of 16 and r.
16
Suppose 0 = -3*s + 12, 5*b + 5*s - 20 = b. Let j = 5 - b. What is the highest common factor of j and 40?
5
Let w = 35 + -33. Suppose 5*t + 45 = w*h, -h + 5 = h + 3*t. What is the highest common factor of h and 200?
10
Let u = -108 + 190. Suppose -u*o + 76*o + 42 = 0. Calculate the highest common factor of 56 and o.
7
Suppose t + 60 = 255. Suppose 4*u = -y + t, -3*u + 4*u + 2*y - 54 = 0. Calculate the highest common divisor of 36 and u.
12
Let q be (5 - (-99)/(-15))*-80. Calculate the highest common factor of q and 88.
8
Suppose -2*l = 3*d + 45, 59 = -8*d + 3*d + 2*l. Let x = d - -109. What is the highest common factor of x and 12?
12
Let o(m) = -2*m - 38. Suppose -3*i + 5*i - z + 51 = 0, z = 5*i + 120. Let x be o(i). What is the highest common divisor of 88 and x?
8
Let p(w) = -4*w + 10. Let v be p(4). Let g be -1 - (-39)/v*-34. What is the greatest common factor of 88 and g?
44
Suppose 0 = -5*m - 4*q + 402 + 298, 0 = 4*m - 2*q - 586. What is the greatest common factor of 96 and m?
48
Let n = -366 - -602. What is the greatest common divisor of 531 and n?
59
Let z be 3 + 217/8 - 2/16. What is the greatest common factor of 135 and z?
15
Suppose 26*d - 7020 = -39*d. Let f(h) = -h**3 + 2*h**2 + h - 2. Let a be f(-2). Calculate the highest common factor of d and a.
12
Let o = -35 - -75. Suppose p + y = 41, 3*p - 83 - o = -5*y. Let z = -28 + p. What is the highest common factor of z and 143?
13
Suppose -r + z + 70 = 0, z + 1 = -1. What is the highest common factor of 1564 and r?
68
Let v(a) = -9*a**2 + 7*a + 7. Let p be v(-3). Let t be 1/(10/96) - (-57)/p. What is the greatest common factor of t and 6?
3
Let k(p) = 2*p + 44. Let b be k(-20). Calculate the highest common factor of 46 and b.
2
Let b = -1183 - -1441. Calculate the greatest common divisor of b and 602.
86
Let p(w) = -w**3 - 15*w**2 - 6. Let r be p(-15). Let c be 1 + 38 + (-4 - r)/2. Calculate the greatest common divisor of c and 10.
10
Let k = -1538 + 3974. Calculate the greatest common divisor of k and 42.
42
Let l = -33 - -72. Let d = l - 9. What is the highest common divisor of d and 75?
15
Let w = -176 + 187. Calculate the greatest common divisor of w and 33.
11
Suppose -6 = 12*x - 66. What is the highest common divisor of 5 and x?
5
Suppose 6*c = c + 50. Suppose 196*z + 370 = 233*z. What is the greatest common divisor of c and z?
10
Suppose -7692 - 3060 = -24*u. Calculate the greatest common factor of 56 and u.
56
Let r = 100 - 81. What is the greatest common factor of 133 and r?
19
Let y(v) be the second derivative of -v**5/20 + 7*v**4/12 - v**3/3 - 6*v**2 + 17*v. Let k be y(6). What is the highest common divisor of k and 24?
12
Suppose 0 = -5*z + 3*k - 14, -k - 16 = 3*z + k. Let y(w) = -w + 14. Let f be y(z). Calculate the highest common divisor of f and 45.
9
Suppose -120 = 13*x - 16*x. Calculate the greatest common factor of 192 and x.
8
Suppose -7*w - 35 = -2*w. Let a be 110/w - (-12)/(-42). Let t be 4/a - (-290)/8. What is the highest common divisor of 12 and t?
12
Let n(b) = -b**3 - 4*b**2 + 16*b + 2. Let x be n(-7). Calculate the greatest common divisor of 296 and x.
37
Let p = -150 - -290. Let g = 88 - 60. Let a be ((-16)/(-10))/(g/350). What is the highest common factor of p and a?
20
Let o be -2 + (-2 + 3 - -1). Suppose -7*n + 3*n - 12 = o. Let x = 6 + n. What is the greatest common factor of x and 21?
3
Let r(t) = -t**2 - 14*t + 49. Let a be r(-16). Calculate the highest common divisor of a and 272.
17
Let q = 225 - 29. Calculate the highest common divisor of 28 and q.
28
Suppose 4*b + 3*q = 16, b - 16 = -3*b - 2*q. What is the highest common factor of 64 and b?
4
Suppose 0 = 23*d - 13*d - 60. Calculate the greatest common factor of d and 26.
2
Let s(p) = 12*p**2 - 23*p - 112. Let y be s(-5). Calculate the highest common divisor of 505 and y.
101
Let r = 12 + -18. Let p = 7 + r. What is the highest common factor of 2 and p?
1
Let w be ((-3)/(-5) + -3)/((-24)/1280). What is the greatest common factor of 192 and w?
64
Suppose 2*p = -3*f + 5*p, -10 = -f - 4*p. Let l(o) = 21*o - 10. Let a be l(f). What is the greatest common divisor of 4 and a?
4
Suppose 2*h - 5*o + 2 = 3, 3*h + 26 = 2*o. Let f = 32 + h. Calculate the greatest common factor of 90 and f.
10
Suppose -2*m = -4*m + 8. Suppose 20 = m*i - 24. Suppose -18*n + 264 = 3*t - 16*n, 0 = -t - 5*n + 88. Calculate the highest common divisor of t and i.
11
Let v = 55 + -70. Let w(p) = -p**2 - 15*p + 33. Let b be w(v). What is the greatest common factor of b and 33?
33
Let a = 31 - 9. Let i be -3 - 4*5/(-2). Suppose -3*q = 2*g - i - 380, 0 = 2*g + 5*q - 381. What is the greatest common factor of a and g?
22
Suppose -5*t = 20, f + 28*t - 430 = 29*t. What is the highest common factor of 6 and f?
6
Suppose 57 = -5*t + 432. Let q be ((-279)/(-124))/((-3)/60*-1). Calculate the highest common divisor of q and t.
15
Let b = -55 + 243. Let k(m) = 4*m**2 + 8*m + 35. Let z be k(-3). Calculate the highest common factor of b and z.
47
Suppose 0 = 3*i - 5*o - 29, 5*o + 12 = 2*o. Let h(m) = -6*m + 54. Let x be h(-9). Let j = -105 + x. Calculate the highest common divisor of i and j.
3
Let u(r) = 2*r**2 + 2*r - 2. Let g be u(1). Suppose 33 - 75 = -g*p. What is the greatest common factor of 210 and p?
21
Let a(v) be the first derivative of 8*v + 2*v**2 + 2/3*v**3 + 11. Let f be a(-6). What is the greatest common divisor of f and 14?
14
Let b be 46/69*(-3 - -47*33). Calculate the highest common factor of 60 and b.
12
Suppose -5*f + 25 = -20. Suppose -d + f*d = 256. What is the highest common divisor of 96 and d?
32
Let x(b) = -b**2 - 42*b + 24. Let y be x(-30). Calculate the highest common divisor of 12 and y.
12
Let t(j) = j**2 - 8*j + 44. Let z be t(8). What is the greatest common factor of 704 and z?
44
Let c(q) = -q + 6. Let l be c(4). Suppose l*v - 6*v = -416. Calculate the greatest common divisor of 8 and v.
8
Let y(g) = 21*g - 5. Let u be y(5). Let i be 0/(-1) - (-3 - (7 - -10)). Calculate the highest common factor of i and u.
20
Let w be ((-12)/(-30))/((-2)/(-40)). Let s = -8 + 13. Let f(k) = 11*k + 1. Let x be f(s). What is the highest common factor of x and w?
8
Let v(q) = q**3 + 14*q**2 + 44*q - 4. Let w be v(-7). What is the greatest common divisor of 217 and w?
31
Let h = 179 - 177. Calculate the highest common divisor of 6 and h.
2
Let c(q) = -293*q + 577. Let i be c(-4). What is the highest common factor of 53 and i?
53
Let g = -670 - -1121. Calculate 